ighest common divisor of y and 2288?
16
Let t = 115 - 117. Let f be (t*7)/((-2)/41). Calculate the highest common divisor of f and 41.
41
Suppose 9*j = 4*j + 5*v + 60, v = -j + 10. What is the highest common divisor of j and 330?
11
Suppose -7*i + 6*i = 3*j + 200, 3*i - 4*j + 639 = 0. Let m = -183 - i. What is the greatest common divisor of m and 221?
13
Let b(v) = v**3 - 12*v**2 + 5*v - 14. Let o be b(12). Let k = 48 - o. Suppose -k*i = 5*i - 294. Calculate the highest common factor of 14 and i.
14
Suppose 53*z = 88*z - 1470. Let i = -7 + 13. Calculate the greatest common divisor of z and i.
6
Suppose 4*l + 195 = 339. Suppose -2*i - 29 + 6 = 3*p, -3*i + 4*p + 8 = 0. Let w be ((-3)/i)/((-4)/(-96)). What is the greatest common divisor of w and l?
18
Suppose 0 = -16*f - f + 442. Let h(c) = -c**3 + 26*c**2 + 4*c - 62. Let i be h(f). What is the greatest common factor of 189 and i?
21
Let u be (5 - (-9 - (8 + -4))) + 7. Calculate the highest common divisor of 8275 and u.
25
Let k be 9 - (60/(-45) - (-4334)/(-3)). Calculate the greatest common divisor of 15 and k.
15
Let g(p) = 167*p - 756. Let t be g(6). What is the greatest common factor of t and 12?
6
Let k(p) = -7*p**3 - 6*p**2 - 23*p - 8. Let g be k(-3). What is the highest common factor of 8722 and g?
98
Let s be ((-290)/(-8))/((-165)/(-132)). Let z = 31 - s. What is the highest common factor of z and 14?
2
Let p = 452 - 164. What is the greatest common divisor of p and 414?
18
Let h(f) = 55 + 0*f + 7 - 3*f + 18. Let c be h(0). Let k = c - 0. What is the highest common factor of k and 16?
16
Suppose -f + 4*k + 14 = 0, -f + 6*f + k = 7. Let d be (12 - 5) + 301 + f. Calculate the greatest common factor of 248 and d.
62
Let k(b) = -b**3 + 28*b**2 + 2*b - 26. Suppose 61 = 2*o - 5*z, 6*o = 5*o + z + 29. Let s be k(o). What is the highest common divisor of s and 6?
6
Let q be 3 - 12/(-8)*-2*-1. Suppose 0 = 5*p - q*p - 15. Let a be 962/8 - (-1 - p/12). Calculate the greatest common factor of a and 30.
30
Suppose 2*z = 2*x + 1 - 3, -5*z = -4*x - 1. Let j be x/(((-3)/28)/(14/(-4))). What is the greatest common divisor of j and 343?
49
Let j = 181 - 25. Let w(k) = 44*k**3 + 12*k**2 + 5*k - 2. Let s be w(-2). Let v be (13*(-2)/(-5))/(s/(-790)). Calculate the highest common factor of j and v.
13
Let y be (-16)/(-4)*(12285/14)/5. What is the highest common divisor of 810 and y?
54
Suppose 0 = 6*d - 913 + 157. Let y be 468/d + (-2)/(-7). Suppose -2*l - l - 3 = 0, -3*l = 4*r - 173. Calculate the highest common divisor of y and r.
4
Suppose 21*v - v - 420 = -8*v. What is the greatest common divisor of v and 155?
5
Let s = 10865 + -5125. What is the highest common factor of s and 700?
140
Let w be 502/5 + 2/(-5). Let v(f) = -f**3 + 23*f**2 - 28*f - 56. Let z be v(22). Let r = 213 + z. What is the highest common divisor of r and w?
25
Suppose 32*p + 6926 = 36*p - 2*r, 0 = -4*r + 20. Calculate the greatest common factor of 510 and p.
102
Let r(a) = -2*a + 10. Let q be r(5). Suppose -5*n - 12 = s - q*s, 2*n = -2*s. Suppose -3*u = 2*u - 5. What is the greatest common divisor of u and s?
1
Let o be ((-204)/7)/(2/14). Let h = -64 - o. Suppose -i = i + 10, 5*b = -i + 95. Calculate the highest common divisor of h and b.
20
Let o = -45 - -59. Let c(r) = 2 + 9*r - o - 12*r. Let x be c(-17). What is the highest common divisor of x and 39?
39
Suppose -s - 4*a = -6, 4*s = -a - a + 10. Let p(y) = 5*y**2 - 2*y - 5. Let z be p(s). Calculate the greatest common divisor of 22 and z.
11
Let n(s) = -26*s - 795. Let y be n(-31). Let v(b) = 2*b + 506. Let a be v(0). What is the greatest common divisor of a and y?
11
Let f be (-2)/(-6)*-6 + 2102. Calculate the highest common divisor of f and 225.
75
Suppose -3*m = 116 - 113, m = -4*n + 12779. What is the highest common factor of 360 and n?
45
Let d = -71508 + 71618. Let q(z) = 17*z**2 + z. Let m be q(2). What is the greatest common divisor of m and d?
10
Let c be 6849 + (-2)/2 - (-236 - -237). Calculate the greatest common divisor of 41 and c.
41
Let j = 1111 - 154. Let y = 997 + -823. What is the highest common factor of j and y?
87
Let m = 962 - 1529. Let j = 959 + m. What is the highest common factor of j and 112?
56
Suppose -3*q + 5*s + 724 = 0, 279*s - 278*s - 1 = 0. Calculate the greatest common divisor of q and 72.
9
Let q be (1/1)/((-1)/(-15)). Suppose 23*h - 1212 = 5*h - 402. Calculate the greatest common factor of h and q.
15
Suppose -34*r + 32 = -18*r. Suppose -r*k - 2*d + 290 = 0, -15*k = -14*k - 4*d - 130. What is the greatest common divisor of k and 2?
2
Suppose 13*t - 355 - 1010 = 0. Let y be (-41 + -1)*-2*(-5)/(-20). What is the greatest common divisor of y and t?
21
Suppose v = -2*g + 779, -2*v + 0*v + 1950 = 5*g. Suppose -g = -5*z + 213. Calculate the highest common factor of 77 and z.
11
Suppose h - 8 + 5 = 0. Let a be -5*((-144)/10)/h. Suppose -720 = -35*v + 23*v. Calculate the greatest common factor of v and a.
12
Suppose 40*r - 2535 = -615. Suppose -i - 30 = -6*i. Calculate the greatest common divisor of i and r.
6
Let r = -2209 + 3826. Calculate the greatest common divisor of r and 11.
11
Let h(p) = 346*p - 625. Let y be h(4). Calculate the highest common factor of 99 and y.
33
Suppose 5*d + 3977 = m + 3*m, 7884 = 8*m + 4*d. Calculate the greatest common factor of m and 2717.
247
Let d(t) = t**2 + 8*t - 132. Let c be d(-22). Calculate the greatest common divisor of c and 506.
22
Suppose 1969 = 176*w - 7567 - 2960. What is the highest common factor of 11644 and w?
71
Suppose 0 = -p - 2*r + 139, -5*p + 3*r = -483 - 186. Suppose -140*t = -138*t - 170. Let i = 100 - t. Calculate the highest common factor of p and i.
15
Suppose 0 = -46*c - 24*c + 10512 + 187518. Calculate the highest common factor of c and 46.
23
Let h = -742 - -747. Suppose 1377 = h*q - 2*q. What is the highest common factor of q and 81?
27
Let p(f) = -f + 55. Let z(s) = s**2 - 6*s - 7. Let n be z(7). Let u be p(n). Let x = 5208 - 5175. Calculate the highest common factor of x and u.
11
Let u(j) = 780*j**3 + j**2 + 59*j - 60. Let d be u(1). Calculate the greatest common factor of d and 1404.
156
Suppose 39*k = 7929 + 12039. Calculate the greatest common factor of k and 7296.
128
Suppose -2*z + 3 - 1 = -4*o, -3*z + 11 = 2*o. Suppose 8*w - 45 = z. Calculate the greatest common divisor of 12 and w.
6
Let x(i) = 193*i + 1101. Let q be x(16). What is the greatest common divisor of q and 142?
71
Suppose 24*y = 15*y + 5*y + 56. What is the highest common divisor of 1610 and y?
14
Let m(a) = -a**2 - 24*a + 642. Let y be m(-40). Calculate the greatest common divisor of 302 and y.
2
Suppose -3*p - 239 + 2659 = -5*g, 5*g - 1655 = -2*p. Let m = 1433 - p. What is the greatest common factor of 6 and m?
6
Let y(v) = -2*v**2 - 59 - v**2 + v**2 + v**2 - v. Let g be y(0). Let x = g - -209. Calculate the highest common divisor of x and 30.
30
Let u be (-6)/(-9)*(-1 + 7). Suppose 0 = 4*h - 4*t - 104, 45*h - 3*t - 56 = 43*h. Calculate the highest common divisor of u and h.
2
Let w be (-4)/6*-1 - (-28)/21. Let u = 39 + w. Let g = -8 + u. What is the greatest common factor of 231 and g?
33
Let y be (0 + (-4)/(-3))*42. Let f be 263384/264 + (-2)/3. Let c = 1005 - f. What is the highest common divisor of c and y?
8
Let x be ((-15)/30)/((-1)/44). Let q = -333 - -443. Calculate the highest common factor of q and x.
22
Let i be 4 + -5 + 7 - 0. Suppose i*f - 109 - 227 = 0. What is the greatest common factor of 42 and f?
14
Let m be ((2 + -8)*3/30)/((-27)/2565). Let c(u) = -u**3 + 12*u**2 - u + 1. Let l be c(5). What is the highest common factor of m and l?
57
Suppose 520*g + 161 = 564*g - 15. Calculate the greatest common factor of 6724 and g.
4
Let y(o) = -o + 73. Let w be y(21). What is the greatest common divisor of 143 and w?
13
Suppose -11*z = 28*z + 25 - 454. Calculate the highest common divisor of z and 3707.
11
Let p be (-72)/(-336) + (-1131)/(-406). Let q be 0/(1/(-1)) + 21. What is the greatest common factor of p and q?
3
Let v be ((-112)/(-8) - 10) + -2 + -2. Suppose 12*x - 268 - 8 = v. What is the greatest common divisor of x and 46?
23
Let j = 963 - 948. Suppose -28*i + j*i = -1014. Calculate the highest common divisor of 208 and i.
26
Suppose c + 0 + 23 = 5*n, -3*c + 5*n = 19. Suppose d - c*d = -3*j + 1819